{"id":269,"date":"2023-09-23T01:09:20","date_gmt":"2023-09-23T01:09:20","guid":{"rendered":"https:\/\/areteurban.com\/index.php\/arete-urban-espanol\/"},"modified":"2025-07-23T11:45:18","modified_gmt":"2025-07-23T11:45:18","slug":"arete-urban-espanol","status":"publish","type":"page","link":"https:\/\/areteurban.com\/index.php\/es\/arete-urban-espanol\/","title":{"rendered":"Arete Urban &#8211; Espa\u00f1ol"},"content":{"rendered":"\n<center><!DOCTYPE html>\n<html lang=\"en\">\n<head>\n    <meta charset=\"UTF-8\">\n    <meta name=\"viewport\" content=\"width=device-width, initial-scale=1.0\">\n    <link rel=\"stylesheet\" href=\"styles.css\">\n    <title>Rotating Cube Gallery<\/title>\n<\/head>\n<body>\n    <div class=\"cube\">\n        <div class=\"face front\">Arete<\/div>\n        <div class=\"face back\">Arete<\/div>\n        <div class=\"face right\">Urban<\/div>\n        <div class=\"face left\">Urban<\/div>\n        <div class=\"face top\">Image 5<\/div>\n        <div class=\"face bottom\">Image 6<\/div>\n    <\/div>\n    <script src=\"script.js\"><\/script>\n<\/body>\n<style>\n\n\n.cube {\n    width: 200px;\n    height: 200px;\n    transform-style: preserve-3d;\n    animation: rotate 10s infinite linear;\n}\n\n.face {\n    width: 200px;\n    height: 200px;\n    position: absolute;\n    border: 1px solid #000;\n    background: rgba(255, 255, 255, 0.8);\n    display: flex;\n    justify-content: center;\n    align-items: center;\n    font-size: 62px;\n    font-weight: bold;\n}\n\n.front  { transform: translateZ(100px); }\n.back   { transform: translateZ(-100px) rotateY(180deg); }\n.right  { transform: rotateY(90deg) translateZ(100px); }\n.left   { transform: rotateY(-90deg) translateZ(100px); }\n.top    { transform: rotateX(90deg) translateZ(100px); }\n.bottom { transform: rotateX(-90deg) translateZ(100px); }\n\n@keyframes rotate {\n    0% { transform: rotateY(0); }\n    100% { transform: rotateY(360deg); }\n}\n\n<\/style>\n<br>\n<\/html>\n<\/center>\n\n\n\n<p class=\"has-text-align-center\">Somos una empresa constituida en 2004 que sustenta su actividad en el dise\u00f1o y construcci\u00f3n de edificios p\u00fablicos y privados, arquitectura de interiores y comercializaci\u00f3n inmobiliaria, con el objetivo de ofrecer un servicio integral a nuestros clientes.<\/p>\n\n\n\n<p class=\"has-text-align-center\"><strong>Arete Urban<\/strong>, es una empresa enfocada en la gesti\u00f3n y ejecuci\u00f3n de proyectos de vivienda, orientada a la satisfacci\u00f3n integral de las necesidades de nuestros clientes, ofreciendo las soluciones m\u00e1s adecuadas en todas y cada una de las fases del proyecto, desde su concepci\u00f3n y dise\u00f1o. , hasta la direcci\u00f3n y ejecuci\u00f3n integral de la obra. Nuestro profundo conocimiento del negocio nos permite detectar las \u00e1reas que generar\u00e1n mayor demanda y que, tanto por su valor estrat\u00e9gico como por sus peculiaridades geogr\u00e1ficas, representan valor seguro y rentable para nuestros clientes.<\/p>\n\n\n\n<p class=\"has-text-align-center\">Nuestra empresa est\u00e1 formada por un equipo de profesionales, entre los que contamos con arquitectos, interioristas, ingenieros; Adem\u00e1s, contamos con profesionales expertos en: Instalaciones el\u00e9ctricas, instalaciones hidr\u00e1ulicas y sanitarias, instalaciones de gas e instalaciones especiales; as\u00ed como un selecto grupo de t\u00e9cnicos especializados en alba\u00f1iler\u00eda, alba\u00f1iler\u00eda, pintura y trabajos en seco.<\/p>\n\n\n\n<p class=\"has-text-align-center\">En estos a\u00f1os de experiencia hemos ido abri\u00e9ndonos a nuevas \u00e1reas de actividad y nuevos \u00e1mbitos de actuaci\u00f3n, emprendiendo un ambicioso proceso de diversificaci\u00f3n geogr\u00e1fica y sectorial para seguir avanzando en el mejor y m\u00e1s completo servicio a nuestros clientes.<\/p>\n\n\n\n<p class=\"has-text-align-center\">Ofrecemos los servicios de: Construcci\u00f3n, Consultor\u00eda de Proyectos, Dise\u00f1o, Direcci\u00f3n y Direcci\u00f3n de Proyectos, Auditor\u00eda, Presupuestos, Rehabilitaci\u00f3n de edificios, Reformas Integrales, Asesoramiento en Adquisici\u00f3n de Suelos, Estudios de Viabilidad<\/p>\n\n\n\n<figure class=\"wp-block-embed is-type-video is-provider-youtube wp-block-embed-youtube wp-embed-aspect-16-9 wp-has-aspect-ratio\"><div class=\"wp-block-embed__wrapper\">\n<iframe title=\"TENJO areteurban.com\" width=\"525\" height=\"295\" src=\"https:\/\/www.youtube.com\/embed\/hHBctGJeX5I?feature=oembed\" frameborder=\"0\" allow=\"accelerometer; autoplay; clipboard-write; encrypted-media; gyroscope; picture-in-picture; web-share\" referrerpolicy=\"strict-origin-when-cross-origin\" allowfullscreen><\/iframe>\n<\/div><\/figure>\n","protected":false},"excerpt":{"rendered":"<p>Rotating Cube Gallery Arete Arete Urban Urban Image 5 Image 6 Somos una empresa constituida en 2004 que sustenta su actividad en el dise\u00f1o y construcci\u00f3n de edificios p\u00fablicos y privados, arquitectura de interiores y comercializaci\u00f3n inmobiliaria, con el objetivo de ofrecer un servicio integral a nuestros clientes. Arete Urban, es una empresa enfocada en &hellip; <\/p>\n<p class=\"link-more\"><a href=\"https:\/\/areteurban.com\/index.php\/es\/arete-urban-espanol\/\" class=\"more-link\">Continue reading<span class=\"screen-reader-text\"> &#8220;Arete Urban &#8211; Espa\u00f1ol&#8221;<\/span><\/a><\/p>\n","protected":false},"author":1,"featured_media":0,"parent":0,"menu_order":0,"comment_status":"closed","ping_status":"closed","template":"","meta":{"footnotes":""},"class_list":["post-269","page","type-page","status-publish","hentry"],"yoast_head":"<!-- This site is optimized with the Yoast SEO plugin v25.5 - https:\/\/yoast.com\/wordpress\/plugins\/seo\/ -->\n<title>Arete Urban - Espa\u00f1ol - Arete Urban<\/title>\n<meta name=\"robots\" content=\"index, follow, max-snippet:-1, max-image-preview:large, max-video-preview:-1\" \/>\n<link rel=\"canonical\" href=\"https:\/\/areteurban.com\/index.php\/es\/arete-urban-espanol\/\" \/>\n<meta property=\"og:locale\" content=\"en_US\" \/>\n<meta property=\"og:type\" content=\"article\" \/>\n<meta property=\"og:title\" content=\"Arete Urban - Espa\u00f1ol - Arete Urban\" \/>\n<meta property=\"og:description\" content=\"Rotating Cube Gallery Arete Arete Urban Urban Image 5 Image 6 Somos una empresa constituida en 2004 que sustenta su actividad en el dise\u00f1o y construcci\u00f3n de edificios p\u00fablicos y privados, arquitectura de interiores y comercializaci\u00f3n inmobiliaria, con el objetivo de ofrecer un servicio integral a nuestros clientes. Arete Urban, es una empresa enfocada en &hellip; Continue reading &quot;Arete Urban &#8211; Espa\u00f1ol&quot;\" \/>\n<meta property=\"og:url\" content=\"https:\/\/areteurban.com\/index.php\/es\/arete-urban-espanol\/\" \/>\n<meta property=\"og:site_name\" content=\"Arete Urban\" \/>\n<meta property=\"article:modified_time\" content=\"2025-07-23T11:45:18+00:00\" \/>\n<meta name=\"twitter:card\" content=\"summary_large_image\" \/>\n<meta name=\"twitter:label1\" content=\"Est. reading time\" \/>\n\t<meta name=\"twitter:data1\" content=\"2 minutes\" \/>\n<script type=\"application\/ld+json\" class=\"yoast-schema-graph\">{\"@context\":\"https:\/\/schema.org\",\"@graph\":[{\"@type\":\"WebPage\",\"@id\":\"https:\/\/areteurban.com\/index.php\/es\/arete-urban-espanol\/\",\"url\":\"https:\/\/areteurban.com\/index.php\/es\/arete-urban-espanol\/\",\"name\":\"Arete Urban - Espa\u00f1ol - Arete Urban\",\"isPartOf\":{\"@id\":\"https:\/\/areteurban.com\/#website\"},\"datePublished\":\"2023-09-23T01:09:20+00:00\",\"dateModified\":\"2025-07-23T11:45:18+00:00\",\"breadcrumb\":{\"@id\":\"https:\/\/areteurban.com\/index.php\/es\/arete-urban-espanol\/#breadcrumb\"},\"inLanguage\":\"en-US\",\"potentialAction\":[{\"@type\":\"ReadAction\",\"target\":[\"https:\/\/areteurban.com\/index.php\/es\/arete-urban-espanol\/\"]}]},{\"@type\":\"BreadcrumbList\",\"@id\":\"https:\/\/areteurban.com\/index.php\/es\/arete-urban-espanol\/#breadcrumb\",\"itemListElement\":[{\"@type\":\"ListItem\",\"position\":1,\"name\":\"Home\",\"item\":\"https:\/\/areteurban.com\/index.php\/about\/\"},{\"@type\":\"ListItem\",\"position\":2,\"name\":\"Arete Urban &#8211; Espa\u00f1ol\"}]},{\"@type\":\"WebSite\",\"@id\":\"https:\/\/areteurban.com\/#website\",\"url\":\"https:\/\/areteurban.com\/\",\"name\":\"areteurban.com\",\"description\":\"Architecture, design and construction of buildings\",\"publisher\":{\"@id\":\"https:\/\/areteurban.com\/#organization\"},\"potentialAction\":[{\"@type\":\"SearchAction\",\"target\":{\"@type\":\"EntryPoint\",\"urlTemplate\":\"https:\/\/areteurban.com\/?s={search_term_string}\"},\"query-input\":{\"@type\":\"PropertyValueSpecification\",\"valueRequired\":true,\"valueName\":\"search_term_string\"}}],\"inLanguage\":\"en-US\"},{\"@type\":\"Organization\",\"@id\":\"https:\/\/areteurban.com\/#organization\",\"name\":\"Arete Urban Arquitectura\",\"url\":\"https:\/\/areteurban.com\/\",\"logo\":{\"@type\":\"ImageObject\",\"inLanguage\":\"en-US\",\"@id\":\"https:\/\/areteurban.com\/#\/schema\/logo\/image\/\",\"url\":\"https:\/\/areteurban.com\/wp-content\/uploads\/2023\/09\/cropped-LOGO-1.png\",\"contentUrl\":\"https:\/\/areteurban.com\/wp-content\/uploads\/2023\/09\/cropped-LOGO-1.png\",\"width\":247,\"height\":250,\"caption\":\"Arete Urban Arquitectura\"},\"image\":{\"@id\":\"https:\/\/areteurban.com\/#\/schema\/logo\/image\/\"}}]}<\/script>\n<!-- \/ Yoast SEO plugin. -->","yoast_head_json":{"title":"Arete Urban - Espa\u00f1ol - Arete Urban","robots":{"index":"index","follow":"follow","max-snippet":"max-snippet:-1","max-image-preview":"max-image-preview:large","max-video-preview":"max-video-preview:-1"},"canonical":"https:\/\/areteurban.com\/index.php\/es\/arete-urban-espanol\/","og_locale":"en_US","og_type":"article","og_title":"Arete Urban - Espa\u00f1ol - Arete Urban","og_description":"Rotating Cube Gallery Arete Arete Urban Urban Image 5 Image 6 Somos una empresa constituida en 2004 que sustenta su actividad en el dise\u00f1o y construcci\u00f3n de edificios p\u00fablicos y privados, arquitectura de interiores y comercializaci\u00f3n inmobiliaria, con el objetivo de ofrecer un servicio integral a nuestros clientes. Arete Urban, es una empresa enfocada en &hellip; Continue reading \"Arete Urban &#8211; Espa\u00f1ol\"","og_url":"https:\/\/areteurban.com\/index.php\/es\/arete-urban-espanol\/","og_site_name":"Arete Urban","article_modified_time":"2025-07-23T11:45:18+00:00","twitter_card":"summary_large_image","twitter_misc":{"Est. reading time":"2 minutes"},"schema":{"@context":"https:\/\/schema.org","@graph":[{"@type":"WebPage","@id":"https:\/\/areteurban.com\/index.php\/es\/arete-urban-espanol\/","url":"https:\/\/areteurban.com\/index.php\/es\/arete-urban-espanol\/","name":"Arete Urban - Espa\u00f1ol - Arete Urban","isPartOf":{"@id":"https:\/\/areteurban.com\/#website"},"datePublished":"2023-09-23T01:09:20+00:00","dateModified":"2025-07-23T11:45:18+00:00","breadcrumb":{"@id":"https:\/\/areteurban.com\/index.php\/es\/arete-urban-espanol\/#breadcrumb"},"inLanguage":"en-US","potentialAction":[{"@type":"ReadAction","target":["https:\/\/areteurban.com\/index.php\/es\/arete-urban-espanol\/"]}]},{"@type":"BreadcrumbList","@id":"https:\/\/areteurban.com\/index.php\/es\/arete-urban-espanol\/#breadcrumb","itemListElement":[{"@type":"ListItem","position":1,"name":"Home","item":"https:\/\/areteurban.com\/index.php\/about\/"},{"@type":"ListItem","position":2,"name":"Arete Urban &#8211; Espa\u00f1ol"}]},{"@type":"WebSite","@id":"https:\/\/areteurban.com\/#website","url":"https:\/\/areteurban.com\/","name":"areteurban.com","description":"Architecture, design and construction of buildings","publisher":{"@id":"https:\/\/areteurban.com\/#organization"},"potentialAction":[{"@type":"SearchAction","target":{"@type":"EntryPoint","urlTemplate":"https:\/\/areteurban.com\/?s={search_term_string}"},"query-input":{"@type":"PropertyValueSpecification","valueRequired":true,"valueName":"search_term_string"}}],"inLanguage":"en-US"},{"@type":"Organization","@id":"https:\/\/areteurban.com\/#organization","name":"Arete Urban Arquitectura","url":"https:\/\/areteurban.com\/","logo":{"@type":"ImageObject","inLanguage":"en-US","@id":"https:\/\/areteurban.com\/#\/schema\/logo\/image\/","url":"https:\/\/areteurban.com\/wp-content\/uploads\/2023\/09\/cropped-LOGO-1.png","contentUrl":"https:\/\/areteurban.com\/wp-content\/uploads\/2023\/09\/cropped-LOGO-1.png","width":247,"height":250,"caption":"Arete Urban Arquitectura"},"image":{"@id":"https:\/\/areteurban.com\/#\/schema\/logo\/image\/"}}]}},"_links":{"self":[{"href":"https:\/\/areteurban.com\/index.php\/wp-json\/wp\/v2\/pages\/269","targetHints":{"allow":["GET"]}}],"collection":[{"href":"https:\/\/areteurban.com\/index.php\/wp-json\/wp\/v2\/pages"}],"about":[{"href":"https:\/\/areteurban.com\/index.php\/wp-json\/wp\/v2\/types\/page"}],"author":[{"embeddable":true,"href":"https:\/\/areteurban.com\/index.php\/wp-json\/wp\/v2\/users\/1"}],"replies":[{"embeddable":true,"href":"https:\/\/areteurban.com\/index.php\/wp-json\/wp\/v2\/comments?post=269"}],"version-history":[{"count":2,"href":"https:\/\/areteurban.com\/index.php\/wp-json\/wp\/v2\/pages\/269\/revisions"}],"predecessor-version":[{"id":295,"href":"https:\/\/areteurban.com\/index.php\/wp-json\/wp\/v2\/pages\/269\/revisions\/295"}],"wp:attachment":[{"href":"https:\/\/areteurban.com\/index.php\/wp-json\/wp\/v2\/media?parent=269"}],"curies":[{"name":"wp","href":"https:\/\/api.w.org\/{rel}","templated":true}]}}